{"id":6,"date":"2020-05-06T18:07:13","date_gmt":"2020-05-06T16:07:13","guid":{"rendered":"http:\/\/crechedutilleul.be\/?page_id=6"},"modified":"2022-02-24T13:56:35","modified_gmt":"2022-02-24T12:56:35","slug":"accueil","status":"publish","type":"page","link":"https:\/\/crechedutilleul.be\/","title":{"rendered":"Bienvenue"},"content":{"rendered":"\n<figure class=\"wp-block-gallery has-nested-images columns-default is-cropped\">\n<figure class=\"wp-block-image size-full\"><img loading=\"lazy\" width=\"1044\" height=\"518\" data-id=\"8\"  src=\"https:\/\/crechedutilleul.be\/wp-content\/uploads\/2020\/05\/Site-en-construction.png\" alt=\"\" class=\"wp-image-8\" srcset=\"https:\/\/crechedutilleul.be\/wp-content\/uploads\/2020\/05\/Site-en-construction.png 1044w, https:\/\/crechedutilleul.be\/wp-content\/uploads\/2020\/05\/Site-en-construction-300x149.png 300w, https:\/\/crechedutilleul.be\/wp-content\/uploads\/2020\/05\/Site-en-construction-768x381.png 768w, https:\/\/crechedutilleul.be\/wp-content\/uploads\/2020\/05\/Site-en-construction-1024x508.png 1024w\" sizes=\"(max-width: 1044px) 100vw, 1044px\" \/><\/figure>\n<\/figure>\n\n\n\n<p>Cher parents, <\/p>\n\n\n\n<p>Notre site est en construction mais nous restons \u00e0 votre disposition par email, par t\u00e9l\u00e9phone et par courrier aux coordonn\u00e9es suivantes:<\/p>\n\n\n\n<p><strong>Cr\u00e8che du Tilleul ASBL<\/strong><br> Rue de Void 2<br> 4260 Ciplet<\/p>\n\n\n\n<p>Par t\u00e9l\u00e9phone : <a href=\"tel:+3219698907\">019\/69.89.07<\/a><\/p>\n\n\n\n<p>Par email : <a href=\"mailto:direction@crechedutilleul.be\">direction@crechedutilleul.be<\/a><\/p>\n","protected":false},"excerpt":{"rendered":"<p>Cher parents, Notre site est en construction mais nous restons \u00e0 votre disposition par email, par t\u00e9l\u00e9phone et par courrier aux coordonn\u00e9es suivantes: Cr\u00e8che du Tilleul ASBL Rue de Void 2 4260 Ciplet Par t\u00e9l\u00e9phone : 019\/69.89.07 Par email : direction@crechedutilleul.be<\/p>\n","protected":false},"author":1,"featured_media":0,"parent":0,"menu_order":0,"comment_status":"closed","ping_status":"closed","template":"","meta":[],"_links":{"self":[{"href":"https:\/\/crechedutilleul.be\/index.php\/wp-json\/wp\/v2\/pages\/6"}],"collection":[{"href":"https:\/\/crechedutilleul.be\/index.php\/wp-json\/wp\/v2\/pages"}],"about":[{"href":"https:\/\/crechedutilleul.be\/index.php\/wp-json\/wp\/v2\/types\/page"}],"author":[{"embeddable":true,"href":"https:\/\/crechedutilleul.be\/index.php\/wp-json\/wp\/v2\/users\/1"}],"replies":[{"embeddable":true,"href":"https:\/\/crechedutilleul.be\/index.php\/wp-json\/wp\/v2\/comments?post=6"}],"version-history":[{"count":11,"href":"https:\/\/crechedutilleul.be\/index.php\/wp-json\/wp\/v2\/pages\/6\/revisions"}],"predecessor-version":[{"id":24,"href":"https:\/\/crechedutilleul.be\/index.php\/wp-json\/wp\/v2\/pages\/6\/revisions\/24"}],"wp:attachment":[{"href":"https:\/\/crechedutilleul.be\/index.php\/wp-json\/wp\/v2\/media?parent=6"}],"curies":[{"name":"wp","href":"https:\/\/api.w.org\/{rel}","templated":true}]}}